ate the highest common factor of c and 240.
20
Let y(s) = -s**3 - 51*s**2 - 53*s - 145. Let p be y(-50). Let h(x) = -x**3 + 6*x**2 + 5*x. Let u be h(5). What is the greatest common factor of p and u?
5
Let q = -1 + 12. Suppose -3*f + 307 = -10*b + 12*b, 2*f + b = 203. What is the greatest common factor of q and f?
11
Let v(w) = -6*w + 74. Let t be v(10). What is the highest common factor of 28 and t?
14
Let k(s) = -s + 6. Suppose -9 = -4*m + 15. Let q be (-20)/m - 14/21. Let w be k(q). Calculate the greatest common factor of w and 110.
10
Suppose 3*j + 5*c = 80, 0 = 3*j - 5*j - c + 58. Calculate the greatest common factor of j and 36.
6
Let o(u) = 13*u + 165. Let h be o(52). Calculate the highest common divisor of h and 29.
29
Suppose -26*c + 64 = -10*c. Calculate the highest common divisor of 392 and c.
4
Let a(s) = s**3 - 22*s**2 + 15*s - 324. Let p be a(22). Calculate the highest common divisor of p and 57.
3
Let l = 38 - 134. Let y = l + 105. Calculate the highest common factor of 9 and y.
9
Suppose 3*w + 5*m = -519 - 33, 5*m - 15 = 0. Let y = w + 343. Suppose 5*f + p - 70 = 0, -2*f - 3*f = -4*p - 70. Calculate the highest common divisor of f and y.
14
Let t(y) = y**2 - y. Let d(i) = -i**3 + 5*i**2 - 8*i - 8. Let c(v) = d(v) + 5*t(v). Let f be c(7). Calculate the highest common divisor of 120 and f.
24
Suppose 2*p + y = 27, -7*p = -8*p + 4*y + 18. Calculate the highest common factor of 63 and p.
7
Suppose -231 + 81 = -3*x - 4*n, n = 2*x - 89. Suppose 0 = -4*v - 38 + x. Let u(k) = k + 16. Let g be u(-11). Calculate the greatest common divisor of v and g.
1
Suppose -4*b - 148 = -0*b. Let y = b - -53. Let f be (-10)/(-2) + -7 + 5 + 1. What is the greatest common factor of y and f?
4
Let b be 89199/53*((-8)/(-3) - 2). Calculate the greatest common divisor of b and 33.
33
Suppose -s = 2*s + 4*m - 18, -s = -3*m + 7. Let k be 568/26 - (-8)/52. Suppose 0*v - 3*t + 6 = -v, -4*t = v - k. Calculate the highest common factor of s and v.
2
Let i(x) = -x**3 - x**2 + 2. Let b be i(2). Let h be -1*2*585/b. Let a = -8 - -21. Calculate the highest common divisor of a and h.
13
Suppose -5 = -17*s + 16*s - 5*v, 5*s - 2*v = 160. What is the highest common factor of s and 75?
15
Suppose -12*c - 7*c + 323 = 0. Calculate the highest common factor of 85 and c.
17
Let x = -137 - -212. Suppose 0 = 6*h - 5*h - 5*c - 50, -h - 4*c + 14 = 0. Calculate the greatest common divisor of h and x.
15
Suppose 3*f = -f + 3*o + 29, o = 4*f - 39. Suppose -191 = -2*a - 5*h, -4*a - 8*h + 5*h = -361. Calculate the highest common divisor of a and f.
11
Let j = 77 - -85. Let u = -104 - -189. Suppose 5*i - u = -t, -4*i + 4*t = -66 - 26. Calculate the greatest common factor of i and j.
18
Let p = -291 + 293. Calculate the highest common divisor of p and 32.
2
Let c = 32 + -24. Suppose -15*n + 17*n = c. Calculate the greatest common factor of n and 28.
4
Suppose -1328 - 2329 = -53*x. What is the greatest common factor of 368 and x?
23
Let l be (-9)/6*(13 - 21). Calculate the greatest common divisor of l and 18.
6
Let q(c) = 2 - 3 + 3 + 2 - 3*c + 6*c**2. Let k be q(4). Calculate the highest common divisor of 8 and k.
8
Let r(p) = 0*p - 8*p + 9*p - 24 + 59. Let u be r(-18). What is the greatest common factor of u and 136?
17
Let d(l) = -12*l - 20. Suppose 7*x = x - 36. Let g be d(x). What is the greatest common factor of 4 and g?
4
Suppose -4*i = -3*i - 24. Let m(t) = -t**3 - 36*t**2 + 2*t + 84. Let q be m(-36). What is the greatest common factor of i and q?
12
Let a = -642 - -650. Calculate the highest common divisor of 2 and a.
2
Suppose -56*o + 61*o = 15. Suppose 3*v = o*l + 5*v - 38, 0 = 3*v + 15. What is the highest common divisor of 16 and l?
16
Suppose 250 = -y + 6*y. Let s = 585 + -565. Calculate the highest common divisor of s and y.
10
Let b = -127 + 320. Let r = b + -113. What is the highest common factor of r and 32?
16
Let v = 22 + -20. Suppose v*r - 3 = -r. Suppose -3*a = -5*s + r, 0 = 5*s + 8 - 18. Calculate the highest common factor of a and 33.
3
Suppose -b + 27 = 24. What is the highest common factor of 29 and b?
1
Suppose -5*w + 370 = 4*b, -442 = 6*b - 11*b + 4*w. What is the highest common divisor of 1530 and b?
90
Let a = -5 - -12. Let f be 12/a - 4/(-14). Let u = f + 2. Calculate the highest common factor of 12 and u.
4
Let m(u) = -u**2 + 3*u - 8. Let j be m(6). Let b be (-1)/2*1*j. Let w be (-2)/(-13) + 154/b. What is the highest common divisor of w and 24?
12
Let b be -636*(2 + 60/(-16)). What is the highest common factor of 53 and b?
53
Let t = -307 - -369. Calculate the greatest common divisor of 93 and t.
31
Let t = -1519 - -1926. Calculate the highest common divisor of t and 11.
11
Let k be (-4 - (-10 + 5)) + -40. Let m be k/(-52) + 77/4. What is the highest common factor of m and 12?
4
Let h be 43/(-1 + (-6)/(-4)). Let o = -1561 + 1604. Calculate the highest common divisor of o and h.
43
Let w = 398 + -62. What is the greatest common divisor of 21 and w?
21
Let h(g) = g**2 - 2*g - 3. Let i(f) = -f**3 + 5*f**2 - f + 2. Let r be i(5). Let b be h(r). Calculate the highest common divisor of b and 12.
12
Let n = 72 + -69. Suppose n*s + 2*s + 3*z - 258 = 0, -4*s = 5*z - 196. Calculate the greatest common divisor of s and 18.
18
Let y(j) = j**3 + j**2 + 6*j - 3. Let n(o) = -o**3 + o**2 + o. Let b(f) = -3*n(f) + y(f). Let p be b(2). What is the highest common divisor of 45 and p?
9
Let b = 657 + -582. What is the highest common divisor of 2325 and b?
75
Let i be 6*(-6)/9*-4. Let a = -18 + i. Let s be (-48)/(a + 1/1). What is the greatest common divisor of s and 12?
12
Suppose 5*f - 528 = -4*t, -332 = -4*t + f + 220. Let s = 225 - t. What is the highest common divisor of s and 22?
22
Let j = 1 + 9. Suppose j*z = 5*z + 75. Calculate the highest common factor of z and 45.
15
Suppose -5*g + 3*g = -2, -5*m + 1872 = 2*g. What is the greatest common divisor of 34 and m?
34
Suppose -4*o = -2*m + 26, 3*o + 23 = 3*m + 5*o. Suppose 3*d - 29 - 7 = 0. Calculate the greatest common factor of m and d.
3
Let o = -850 + 865. Let z = 19 - 13. Calculate the greatest common factor of o and z.
3
Let y = 38 - 38. Suppose -3*l + 10 = -2. Suppose -t + l*t - 594 = y. Calculate the highest common divisor of t and 18.
18
Let b be (-2)/3*(-2580)/40. Let f = b - -20. Let m = -33 + f. What is the highest common divisor of 15 and m?
15
Let r(n) = 9*n - 39. Let q be r(8). Calculate the greatest common factor of q and 275.
11
Let q(i) = 2*i + 151. Let o be q(-4). Calculate the greatest common divisor of 65 and o.
13
Let g be (93/(-15) - -3)*-5. Let j = -6 + g. What is the highest common divisor of j and 10?
10
Suppose 24*x = 26*x - 16. What is the greatest common factor of x and 2?
2
Let s(v) be the third derivative of -v**4/8 - 7*v**3/6 + 11*v**2. Let h be s(-11). What is the greatest common divisor of h and 156?
26
Let v(x) be the third derivative of x**6/120 + 3*x**5/20 + x**4/6 - 7*x**3/3 + x**2 - 1. Let c be v(-8). Calculate the greatest common divisor of c and 12.
6
Let b be 561/55 - 16/(-20). Calculate the greatest common factor of 8 and b.
1
Let c be ((-42)/4)/(-3)*10/35. Suppose 2*y + 7 = w + c, 2*w = 5*y + 14. Calculate the greatest common factor of w and 16.
2
Let s(p) be the first derivative of -95*p**2/2 + p + 7. Let o be s(-3). Calculate the highest common factor of o and 26.
26
Let j = -350 - -378. Calculate the greatest common factor of j and 294.
14
Let o be 14809/753 + 8/6 + 1. What is the greatest common factor of o and 11?
11
Let f be (22/33)/((16/(-6))/4). Let y(b) = 0*b**3 + b**3 - 4*b**3. Let m be y(f). Calculate the highest common divisor of 33 and m.
3
Let m be 10/(-4)*2496/(-390). Calculate the greatest common divisor of m and 2.
2
Let j(c) = -c**3 - 14*c**2 + 13. Let z be j(-14). Let y be (z/65)/((-1)/(-95)). Calculate the highest common factor of 76 and y.
19
Suppose -20*g - 7*g + 33534 = 0. Calculate the greatest common divisor of 54 and g.
54
Suppose -156 = -1013*p + 1011*p. Calculate the greatest common divisor of 117 and p.
39
Let u = 322 + -308. What is the highest common factor of u and 98?
14
Let o be (-30)/(-8)*(186 - 154). Calculate the highest common divisor of o and 165.
15
Let b be (5/20*-15)/(2/(-80)). Suppose -10*l = -8*l - 588. Let t = l - b. What is the 